ands digit of 1923138?
3
What is the ten thousands digit of 64684?
6
What is the hundred thousands digit of 3650564?
6
What is the hundreds digit of 3205873?
8
What is the hundreds digit of 4206687?
6
What is the hundred thousands digit of 554462?
5
What is the tens digit of 19777546?
4
What is the ten thousands digit of 7053614?
5
What is the thousands digit of 410192?
0
What is the millions digit of 1803108?
1
What is the thousands digit of 2450214?
0
What is the hundreds digit of 736708?
7
What is the units digit of 12839614?
4
What is the hundreds digit of 2024766?
7
What is the tens digit of 11029899?
9
What is the ten millions digit of 16043654?
1
What is the ten thousands digit of 69902?
6
What is the hundred thousands digit of 3993186?
9
What is the millions digit of 1218066?
1
What is the ten thousands digit of 73166?
7
What is the tens digit of 136538?
3
What is the ten thousands digit of 777177?
7
What is the tens digit of 9246702?
0
What is the units digit of 1159681?
1
What is the hundreds digit of 1409035?
0
What is the tens digit of 573853?
5
What is the ten thousands digit of 2292322?
9
What is the units digit of 728404?
4
What is the hundred thousands digit of 4027333?
0
What is the units digit of 526957?
7
What is the hundred thousands digit of 19206821?
2
What is the millions digit of 34893466?
4
What is the tens digit of 2690132?
3
What is the hundred thousands digit of 112413?
1
What is the hundreds digit of 907003?
0
What is the ten thousands digit of 6191636?
9
What is the tens digit of 14496449?
4
What is the hundred thousands digit of 153177?
1
What is the units digit of 4507467?
7
What is the units digit of 551336?
6
What is the tens digit of 11318895?
9
What is the units digit of 5870696?
6
What is the millions digit of 6735808?
6
What is the ten thousands digit of 3274252?
7
What is the tens digit of 86664?
6
What is the tens digit of 69829?
2
What is the units digit of 203354?
4
What is the units digit of 1929481?
1
What is the hundreds digit of 709057?
0
What is the hundred thousands digit of 1509044?
5
What is the ten thousands digit of 44442?
4
What is the units digit of 2447676?
6
What is the tens digit of 3833465?
6
What is the hundreds digit of 13748?
7
What is the hundreds digit of 1653618?
6
What is the units digit of 1749026?
6
What is the units digit of 23024344?
4
What is the hundred thousands digit of 1250591?
2
What is the thousands digit of 129220?
9
What is the tens digit of 1524082?
8
What is the tens digit of 946063?
6
What is the hundreds digit of 360757?
7
What is the millions digit of 7644510?
7
What is the thousands digit of 3615794?
5
What is the hundreds digit of 286306?
3
What is the ten millions digit of 23946246?
2
What is the millions digit of 2315652?
2
What is the ten thousands digit of 613097?
1
What is the units digit of 325856?
6
What is the hundreds digit of 27393430?
4
What is the ten thousands digit of 49010?
4
What is the tens digit of 25592?
9
What is the ten thousands digit of 389944?
8
What is the millions digit of 1512037?
1
What is the hundred thousands digit of 407220?
4
What is the hundred thousands digit of 641186?
6
What is the tens digit of 2640993?
9
What is the tens digit of 35472310?
1
What is the units digit of 15878493?
3
What is the thousands digit of 2846613?
6
What is the tens digit of 250966?
6
What is the hundreds digit of 23602163?
1
What is the units digit of 549281?
1
What is the millions digit of 3917415?
3
What is the units digit of 1057338?
8
What is the hundred thousands digit of 1010431?
0
What is the hundreds digit of 1396396?
3
What is the ten thousands digit of 152318?
5
What is the tens digit of 1873823?
2
What is the ten thousands digit of 270486?
7
What is the millions digit of 1936559?
1
What is the thousands digit of 1322723?
2
What is the units digit of 161645?
5
What is the tens digit of 274529?
2
What is the hundred thousands digit of 605579?
6
What is the ten thousands digit of 8089221?
8
What is the hundreds digit of 939718?
7
What is the hundred thousands digit of 388748?
3
What is the ten thousands digit of 15513146?
1
What is the hundreds digit of 725239?
2
What is the units digit of 306723?
3
What is the thousands digit of 11092789?
2
What is the hundreds digit of 429279?
2
What is the units digit of 400995?
5
What is the units digit of 528691?
1
What is the tens digit of 2154557?
5
What is the thousands digit of 4354947?
4
What is the thousands digit of 822366?
2
What is the tens digit of 7657181?
8
What is the hundred thousands digit of 291822?
2
What is the hundreds digit of 2249125?
1
What is the ten thousands digit of 2204623?
0
What is the thousands digit of 227442?
7
What is the hundreds digit of 3242278?
2
What is the thousands digit of 217679?
7
What is the tens digit of 5071746?
4
What is the thousands digit of 180075?
0
What is the tens digit of 313253?
5
What is the millions digit of 2957830?
2
What is the hundred thousands digit of 417737?
4
What is the ten thousands digit of 6263736?
6
What is the hundred thousands digit of 2218195?
2
What is the hundreds digit of 188970?
9
What is the thousands digit of 5025851?
5
What is the thousands digit of 34513958?
3
What is the tens digit of 9265868?
6
What is the tens digit of 6544184?
8
What is the ten thousands digit of 1969550?
6
What is the thousands digit of 627514?
7
What is the hundred thousands digit of 364779?
3
What is the millions digit of 6956236?
6
What is the hundred thousands digit of 1456849?
4
What is the units digit of 1252664?
4
What is the millions digit of 10068968?
0
What is the tens digit of 29993982?
8
What is the ten thousands digit of 271925?
7
What is the thousands digit of 2286348?
6
What is the units digit of 8679331?
1
What is the thousands digit of 2951349?
1
What is the hundred thousands digit of 2346429?
3
What is the hundreds digit of 1465407?
4
What is the units digit of 2265741?
1
What is the tens digit of 16708042?
4
What is the hundreds digit of 6636793?
7
What is the thousands digit of 80098?
0
What is the units digit of 424426?
6
What is the thousands digit of 18046201?
6
What is the millions digit of 1963497?
1
What is the thousands digit of 74377?
4
What is the units digit of 1021133?
3
What is the thousands digit of 10523163?
3
What is the ten thousands digit of 39587?
3
What is the hundreds digit of 2471767?
7
What is the ten thousands digit of 4727515?
2
What is the hundreds digit of 343902?
9
What is the hundreds digit of 2453105?
1
What is the hundreds digit of 1381817?
8
What is the ten thousands digit of 132603?
3
What is the thousands digit of 2021824?
1
What is the hundreds digit of 893676?
6
What is the units digit of 21819616?
6
What is the units digit of 756459?
9
What is the units digit of 5566673?
3
What is the units digit of 2531194?
4
What is the hundred thousands digit of 826788?
8
What is the tens digit of 242095?
9
What is the hundreds digit of 348306?
3
What is the units digit of 10432428?
8
What is the tens digit of 1593241?
4
What is the hundred thousands digit of 4087618?
0
What is the ten thousands digit of 637579?
3
What is the hundreds digit of 703740?
7
What is the hundred thousands digit of 281315?
2
What is the millions digit of 7781148?
7
What is the thousands digit of 167457?
7
What is the hundreds digit of 1766037?
0
What is the millions digit of 1511724?
1
What is the tens digit of 117036?
3
What is the tens digit of 636430?
3
What is the units digit of 104726?
6
What is the ten thousands digit of 741320?
4
What is the ten thousands digit of 814627?
1
What is the thousands digit of 3392179?
2
What is the millions digit of 5140437?
5
What is the ten thousands digit of 55483?
5
What is the hundred thousands digit of 11908618?
9
What is the thousands digit of 13341170?
1
What is the hundreds digit of 11290?
2
What is the hundreds digit of 2387233?
2
What is the thousands digit of 802263?
2
What is the thousands digit of 37996?
7
What is the tens digit of 1011740?
4
What is the millions digit of 3943079?
3
What is the thousands digit of 1002455?
2
What is the millions digit of 4482282?
4
What is the hundred thousands digit of 680285?
6
What is the units digit of 617062?
2
What is the thousands digit of 41